mine m(-6).
-13
Let d(n) = 2*n**2 - 92*n + 1059. What is d(15)?
129
Let q(i) = -1018*i**2 - 36638*i - 8. Give q(-36).
-368
Let a(i) = -2*i**3 + 106*i**2 - 7*i + 525. Calculate a(53).
154
Let i(l) = 97*l**2 - 2509*l - 2508. Calculate i(-1).
98
Let r(y) = -11*y**3 + 449*y**2 - 323*y - 1568. Determine r(40).
-88
Let w(j) = -j**2 - 317*j - 21973. What is w(-102)?
-43
Let n(k) = 3*k**3 - 6*k**2 - 438*k - 244. Give n(13).
-361
Let o(a) = -a**3 - 694*a**2 - 98498*a + 1358. Give o(-199).
-35
Let i(s) = -8*s**2 - 3510*s + 17644. What is i(5)?
-106
Let t(d) = -10*d**2 - 138*d + 312. What is t(13)?
-3172
Let b(j) = 3*j**2 - 1273*j + 24267. Calculate b(20).
7
Let t(o) = -o**3 + 71*o**2 - 239*o + 110. Calculate t(3).
5
Let j(p) = 14*p**2 - 1688*p + 23390. What is j(16)?
-34
Let p(n) = 3010*n + 2889694. What is p(-960)?
94
Let o(c) = -c**2 - 9209*c + 2520350. Give o(266).
0
Let y(c) = 2*c**3 - 39*c**2 + 75*c + 343. Give y(5).
-7
Let p(g) = 6094*g + 542876. What is p(-89)?
510
Let w(k) = 780*k - 99829. What is w(128)?
11
Let i(b) = b**3 - 57*b**2 + 4915*b - 280147. Calculate i(57).
8
Let l(x) = 20*x**2 + 7641*x - 3. Calculate l(0).
-3
Let k(t) = 110*t + 3189. Determine k(-28).
109
Let p(v) = -v**3 - 11*v**2 + 9*v - 230. Determine p(-9).
-473
Let j(o) = 97*o**2 + 2708*o + 18457. Give j(-12).
-71
Let u(o) = 1086*o - 581000. What is u(535)?
10
Let z(f) = 421*f - 23866. Determine z(52).
-1974
Let f(b) = -b**2 + 94*b - 2354. What is f(43)?
-161
Let j(r) = 131*r + 101. Calculate j(-5).
-554
Let h(p) = p**3 - 3350*p**2 + 16720*p. Give h(5).
-25
Let h(k) = -3*k**3 + 73*k**2 + 48*k - 477. Determine h(27).
-5013
Let b(v) = v**3 + 5*v**2 - 224*v - 186. Calculate b(-17).
154
Let h(r) = r**3 - 92*r**2 - 147*r - 4243. What is h(94)?
-389
Let g(k) = -17*k**3 - 898*k**2 + 159*k - 20. What is g(-53)?
-20
Let h(r) = 263*r**3 - 472*r**2 + r + 9. Give h(2).
227
Let i(k) = 3*k**3 + 6*k**2 + 9*k - 140. What is i(-6)?
-626
Let m(k) = 3199*k**2 - 15785*k + 11. Calculate m(5).
1061
Let c(z) = 51*z**3 + 343*z**2 - 687*z + 12. What is c(2)?
418
Let g(s) = -s**3 - 61*s**2 - 186*s - 11365. Determine g(-61).
-19
Let c(d) = 13*d - 268. What is c(34)?
174
Let m(w) = w**3 + 168*w**2 + 5392*w - 17656. Determine m(-48).
8
Let f(q) = 2943*q - 326686. What is f(111)?
-13
Let s(w) = -50104*w - 450949. What is s(-9)?
-13
Let y(o) = 6*o**2 + 316*o - 6102. Determine y(15).
-12
Let u(t) = -4*t**3 - 305*t**2 + 1003*t - 15781. What is u(-80)?
-21
Let k(d) = 1581*d + 2017. Calculate k(-1).
436
Let f(p) = -27*p**2 + 6441*p - 9913. Calculate f(237).
41
Let c(v) = -7462*v + 186642. Give c(25).
92
Let m(v) = -v**3 + 28*v**2 - 88*v + 818. Give m(25).
493
Let u(d) = 3139991*d - 37679889. Calculate u(12).
3
Let i(x) = -282462*x + 1977243. Give i(7).
9
Let f(k) = -k**3 - 9*k**2 - 1893*k - 21062. Calculate f(-11).
3
Let a(m) = m**3 - 64*m**2 - 72*m + 15713. Give a(61).
158
Let m(r) = 86507*r - 1211056. Determine m(14).
42
Let k(n) = -n**2 - 830*n - 53904. Calculate k(-71).
-15
Let j(c) = c**3 + 557*c**2 + 52113*c - 3965. Determine j(-438).
-23
Let d(t) = 200825*t - 200824. Determine d(1).
1
Let s(v) = -239*v - 413. Calculate s(-4).
543
Let o(f) = -f**2 + 571*f - 43283. Give o(90).
7
Let q(y) = 15*y**2 - 66*y - 279. Determine q(-3).
54
Let i(j) = -j**3 - 53*j**2 + 559*j - 2265. Give i(-63).
2208
Let o(l) = l**3 + 178*l**2 + 20*l + 3452. What is o(-178)?
-108
Let x(z) = 272131*z - 10613114. Determine x(39).
-5
Let j(y) = 92*y**2 - 128*y - 629. What is j(-2)?
-5
Let q(p) = 6*p**2 - 49*p - 926. Determine q(-14).
936
Let x(u) = 7749*u + 643118. Calculate x(-83).
-49
Let d(s) = 16*s**2 + 10585*s + 31752. What is d(-3)?
141
Let s(k) = k**3 - 377*k**2 + 11676*k - 212. What is s(34)?
264
Let f(b) = -6*b**2 + 316*b - 538. Give f(48).
806
Let h(t) = -t**3 - 32*t**2 - 192*t - 3. Calculate h(-26).
933
Let j(s) = s**3 + 19*s**2 - 45*s - 8. Give j(3).
55
Let m(n) = 2*n**3 + 433*n**2 - 552*n + 22223. Give m(-218).
-13
Let q(h) = 153*h**2 - 599*h - 80. What is q(4)?
-28
Let a(k) = 1479*k + 4404. Give a(-3).
-33
Let b(l) = 2*l**3 - 33*l**2 - 380*l - 1020. Calculate b(25).
105
Let t(a) = -18*a**3 + 90*a**2 - 207*a + 1014. Give t(5).
-21
Let p(w) = -77578*w + 10628192. Give p(137).
6
Let x(f) = -f**3 - 107*f**2 + 896*f - 2901. Determine x(-115).
-141
Let k(a) = -a**3 - 42*a**2 + 20*a + 5876. Give k(-39).
533
Let q(i) = i**2 + 1375*i - 874149. What is q(473)?
-45
Let s(b) = -6*b**2 + 9888*b - 1192341. Determine s(1517).
21
Let x(q) = -14*q**3 - 41*q**2 - 55*q + 6. Determine x(-2).
64
Let s(p) = -p**3 - 59*p**2 - 406*p + 204. Calculate s(-10).
-636
Let l(d) = 13*d**3 - 42*d**2 - 74*d + 627. Determine l(3).
378
Let d(p) = p**3 - 495*p**2 + 2203*p - 117349. Give d(491).
0
Let k(s) = s**2 - 9935*s + 641538. What is k(65)?
-12
Let w(s) = s**3 - 80*s**2 - 50*s - 2917. Give w(81).
-406
Let r(u) = 9652*u - 9704. What is r(1)?
-52
Let t(a) = 864*a - 28577. Give t(33).
-65
Let w(o) = 3*o**2 - 4444*o + 4432. Calculate w(1).
-9
Let g(v) = -9*v**3 + 184*v**2 - 97*v + 396. Give g(20).
56
Let y(x) = x**2 + 30940*x + 525688. Give y(-17).
-3
Let z(h) = h**2 - 27114*h + 9314545. Calculate z(348).
-23
Let i(h) = 6*h**3 + 33*h**2 - 494*h - 144. Calculate i(7).
73
Let q(b) = 11*b**3 + b**2 + 2*b - 59. What is q(3)?
253
Let m(q) = -3*q**2 - 1509*q - 126246. Determine m(-106).
0
Let f(v) = 1995*v - 131631. Give f(66).
39
Let l(m) = m**3 - 532*m**2 + 29133*m + 2504. Give l(470).
-786
Let q(w) = 866*w + 12676. Give q(-15).
-314
Let f(b) = -82*b - 12761. Give f(-152).
-297
Let v(f) = 3*f**3 - 873*f**2 - 12795*f - 4574. Calculate v(305).
1
Let n(g) = 8150*g - 203810. What is n(25)?
-60
Let i(r) = 11649*r - 57897. Give i(5).
348
Let c(g) = 6902*g + 82930. Determine c(-12).
106
Let r(o) = o**2 - 2951*o - 150065. Calculate r(-50).
-15
Let x(y) = 413*y**3 - 54930*y**2 + 132*y + 142. What is x(133)?
9
Let q(a) = 148*a - 3379. Determine q(18).
-715
Let u(b) = -156373*b - 6098546. What is u(-39)?
1
Let m(y) = -13559*y + 379649. Give m(28).
-3
Let z(u) = 10*u**2 - 35*u - 105. What is z(4)?
-85
Let m(q) = 18632*q - 465779. What is m(25)?
21
Let l(w) = 2*w**3 - 182*w**2 - 16*w + 1298. Determine l(91).
-158
Let c(v) = 2020*v + 64653. Give c(-32).
13
Let n(v) = 380*v**2 - 39855*v - 4720. Give n(105).
5
Let f(t) = 9*t**2 - 45*t + 50. Give f(0).
50
Let o(k) = -857*k - 450847. Give o(-526).
-65
Let j(l) = -l**2 - 621*l - 52880. Give j(-101).
-360
Let f(v) = -78*v**2 - 9209*v - 36837. Calculate f(-4).
-1249
Let k(u) = -82*u + 222. Calculate k(-8).
878
Let d(z) = z**2 + 3836*z + 22969. Give d(-6).
-11
Let n(m) = -428513*m + 5142191. What is n(12)?
35
Let x(t) = -9999*t + 9589041. Determine x(959).
0
Let m(j) = -18*j + 738. Calculate m(-5).
828
Let s(f) = 85*f - 2851. Give s(32).
-131
Let v(s) = -s**3 - 3*s**2 - 872*s - 4412. Calculate v(-5).
-2
Let v(j) = -29*j**3 + 347*j**2 - 461*j + 5643. Determine v(12).
-33
Let f(v) = 394*v**2 - 2360*v - 20. What is f(6)?
4
Let v(t) = -1652*t + 75916. What is v(46)?
-76
Let g(q) = q**3 - 89*q**2 - 186*q + 2140. Give g(91).
1776
Let b(d) = -506*d - 3112. Determine b(-4).
-1088
Let p(i) = 1879*i + 75635. What is p(-40)?
475
Let y(o) = -4*o**2 + 167*o - 2074. Determine y(0).
-2074
Let v(s) = 192963*s + 5209998. Calculate v(-27).
-3
Let r(q) = -q**3 + 1161*q**2 - 7860*q - 1526. Give r(7).
0
Let p(l) = -l**3 - 186*l**2 + 2573*l - 2779. What is p(-199)?
7
Let w(k) = -2*k**3 + 82*k**2 - 342*k + 7309. Calculate w(39).
55
Let f(k) = -k**3 + 24*k**2 + 295*k - 73. Determine f(-12).
1571
Let l(i) = -13*i**2 - 6185*i - 72355. Calculate l(-12).
-7
Let o(m) = 2*m**3 + 17*m**2 + 11011*m + 88030. Calculate o(-8).
6
Let l(t) = 5299*t + 42253. Determine l(-8).
-139
Let p(t) = -t**3 + 480*t**2 - 896*t - 27585. Calculate p(478).
1095
Let r(f) = 2*f**3 + 17*f**2 + 68*f + 659. Calculate r(-9).
-34
Let g(p) = p**2 + 34291*p - 342986. Give g(10).
24
Let i(h) = -h**3 - 9*h**2 - 116*h + 1626. Calculate i(7).
30
Let r(w) = 451*w**2 - 91550*w - 609. Give r(203).
0
Let h(x) = -31*x**2 - 566*x - 222. What is h(-19)?
-659
Let g(i) = 13528*i + 689932. Determine g(-51).
4
Let a(n) = 5*n**3 + 252*n**2 - 2203*n + 44. What is a(-58)?
-14
Let k(t) = -t**3 + 55*t**2 - 859*t + 4372. What is k(33)?
-17
Let a(l) = -91*l**2 - 1772*l - 729. Calculate a(-19).
88
Let h(j) = -95